{"id":232,"date":"2022-04-14T23:38:04","date_gmt":"2022-04-14T23:38:04","guid":{"rendered":"http:\/\/autoimpuls.pl\/?post_type=product&#038;p=232"},"modified":"2023-02-24T08:07:11","modified_gmt":"2023-02-24T08:07:11","slug":"przelacznik-zespolony-tasma-poduszki-powietrznej-airbag-nissan-navara-d40-naprawa","status":"publish","type":"product","link":"http:\/\/autoimpuls.pl\/index.php\/produkt\/przelacznik-zespolony-tasma-poduszki-powietrznej-airbag-nissan-navara-d40-naprawa\/","title":{"rendered":"NISSAN NAVARA (D40)  &#8212;  Prze\u0142\u0105cznik zespolony &#8211; Ta\u015bma poduszki powietrznej AIRBAG &#8212; NAPRAWA"},"content":{"rendered":"<p>Oferujemy napraw\u0119:<\/p>\r\n<h2><strong>Prze\u0142\u0105cznika zespolonego- Ta\u015bmy poduszki powietrznej <span style=\"color: #ff0000;\"><mark class=\"has-inline-color has-vivid-red-color\" style=\"background-color: rgba(0, 0, 0, 0);\">AIRBAG NISSAN NAVARA (D40)<\/mark><\/span><\/strong><\/h2>\r\n<p>Uszkodzona ta\u015bma zwijacza to najcz\u0119\u015bciej:<\/p>\r\n<ul>\r\n<li>\u015bwiecenie kontrolki AIRBAG na desce rozdzielczej,<\/li>\r\n<li>nie dzia\u0142aj\u0105ce przyciski na kierownicy (tempomat, g\u0142o\u015bno\u015b\u0107 radia, przyciski nawigacji i telefonu)<\/li>\r\n<li>odg\u0142osy &#8222;szurania&#8221; przy obracaniu kierownic\u0105<\/li>\r\n<\/ul>\r\n<p>Naprawa odbywa si\u0119 po dostarczeniu do nas <strong>oryginalnej cz\u0119\u015bci (prze\u0142\u0105cznika z uszkodzon\u0105 ta\u015bm\u0105) <\/strong>oraz zap\u0142aty kwoty produktu, po czym my odsy\u0142amy Wasz\u0105 naprawion\u0105 cz\u0119\u015b\u0107 lub inn\u0105 identyczn\u0105 i sprawn\u0105.<\/p>\r\n<p>Mo\u017cecie dostarczy\u0107 do nas cz\u0119\u015b\u0107 osobi\u015bcie lub za po\u015brednictwem kuriera. Po naprawie wysy\u0142amy towar dost\u0119pnymi w og\u0142oszeniu metodami wysy\u0142ki. Mo\u017cliwy te\u017c odbi\u00f3r osobisty naprawionego zwijacza.<\/p>\r\n<p>Czas naprawy: 1-3 dni robocze liczone od momentu dostawy do nas cz\u0119\u015bci.<\/p>\r\n<p>Mo\u017cemy r\u00f3wnie\u017c zdemontowa\u0107 uszkodzon\u0105 cz\u0119\u015b\u0107 z Waszego auta i ponownie zamontowa\u0107 naprawion\u0105 u nas na miejscu. Koszt demonta\u017cu i monta\u017cu &#8211; 100 z\u0142.<\/p>\r\n<hr \/>\r\n<h4><strong><span style=\"color: #000000;\">UWAGA !!!<\/span><\/strong> <strong><span style=\"color: #000000;\">Naprawiamy tylko oryginalne prze\u0142\u0105czniki zespolone jako NISSAN OE posiadaj\u0105ce wyt\u0142oczony napis NISSAN na obudowie. Nie naprawiamy zamiennik\u00f3w tych prze\u0142\u0105cznik\u00f3w.<\/span><\/strong><\/h4>\r\n<hr \/>\r\n<h4><strong>Naprawa dotyczy nast\u0119puj\u0105cych modeli <mark class=\"has-inline-color has-vivid-red-color\" style=\"background-color: rgba(0, 0, 0, 0);\">NISSAN:<\/mark><\/strong> <!-- \/wp:post-content -->\r\n\r\n<!-- wp:list --><\/h4>\r\n<ul>\r\n<li>Nissan QASHQAI JJ10E J10E Qashqai+2<\/li>\r\n<li>NISSAN NAVARA (D40)<\/li>\r\n<li>NISSAN NOTE (E11)<\/li>\r\n<li>NISSAN PATHFINDER (R51)<\/li>\r\n<li>NISSAN QASHQAI +2<\/li>\r\n<li>NISSAN QASHQAI (J10)<\/li>\r\n<li>NISSAN X-TRAIL (T31)<\/li>\r\n<\/ul>\r\n<h4><!-- \/wp:list --><\/h4>","protected":false},"excerpt":{"rendered":"<p><mark class=\"has-inline-color has-vivid-cyan-blue-color\" style=\"background-color: rgba(0, 0, 0, 0);\">Oferujemy napraw\u0119:<\/mark> <strong>\u00a0 \u00a0\u00a0&#8211; Ta\u015bmy poduszki powietrznej <span style=\"color: #ff0000;\"><mark class=\"has-inline-color has-vivid-red-color\" style=\"background-color: rgba(0, 0, 0, 0);\">AIRBAG NISSAN NAVARA (D40)<\/mark><\/span><\/strong><\/p>\n[gallery ids=\"237,234,236,235,238,95,88\"]\n","protected":false},"featured_media":237,"comment_status":"open","ping_status":"closed","template":"","meta":[],"product_cat":[33,24],"product_tag":[25,30,27,26,28,29],"class_list":["post-232","product","type-product","status-publish","has-post-thumbnail","hentry","product_cat-nissan","product_cat-przelacznik-zespolony-tasma-poduszki-powietrznej-airbag","product_tag-airbag","product_tag-d40","product_tag-navara","product_tag-nissan","product_tag-przelacznik-zespolony","product_tag-tasma-poduszki-powietrznej"],"yoast_head":"<!-- This site is optimized with the Yoast SEO plugin v19.10 - https:\/\/yoast.com\/wordpress\/plugins\/seo\/ -->\n<title>NISSAN NAVARA (D40) - Prze\u0142\u0105cznik zespolony - Ta\u015bma poduszki powietrznej AIRBAG - NAPRAWA - Auto Impuls<\/title>\n<meta name=\"robots\" content=\"index, follow, max-snippet:-1, max-image-preview:large, max-video-preview:-1\" \/>\n<link rel=\"canonical\" href=\"https:\/\/autoimpuls.pl\/index.php\/produkt\/przelacznik-zespolony-tasma-poduszki-powietrznej-airbag-nissan-navara-d40-naprawa\/\" \/>\n<meta property=\"og:locale\" content=\"pl_PL\" \/>\n<meta property=\"og:type\" content=\"article\" \/>\n<meta property=\"og:title\" content=\"NISSAN NAVARA (D40) - Prze\u0142\u0105cznik zespolony - Ta\u015bma poduszki powietrznej AIRBAG - NAPRAWA - Auto Impuls\" \/>\n<meta property=\"og:description\" content=\"Oferujemy napraw\u0119: \u00a0 \u00a0\u00a0- Ta\u015bmy poduszki powietrznej AIRBAG NISSAN NAVARA (D40)\" \/>\n<meta property=\"og:url\" content=\"https:\/\/autoimpuls.pl\/index.php\/produkt\/przelacznik-zespolony-tasma-poduszki-powietrznej-airbag-nissan-navara-d40-naprawa\/\" \/>\n<meta property=\"og:site_name\" content=\"Auto Impuls\" \/>\n<meta property=\"article:modified_time\" content=\"2023-02-24T08:07:11+00:00\" \/>\n<meta property=\"og:image\" content=\"https:\/\/autoimpuls.pl\/wp-content\/uploads\/2022\/04\/IMG_1985-scaled.jpg\" \/>\n\t<meta property=\"og:image:width\" content=\"2094\" \/>\n\t<meta property=\"og:image:height\" content=\"2560\" \/>\n\t<meta property=\"og:image:type\" content=\"image\/jpeg\" \/>\n<meta name=\"twitter:card\" content=\"summary_large_image\" \/>\n<meta name=\"twitter:label1\" content=\"Szacowany czas czytania\" \/>\n\t<meta name=\"twitter:data1\" content=\"2 minuty\" \/>\n<script type=\"application\/ld+json\" class=\"yoast-schema-graph\">{\"@context\":\"https:\/\/schema.org\",\"@graph\":[{\"@type\":\"WebPage\",\"@id\":\"https:\/\/autoimpuls.pl\/index.php\/produkt\/przelacznik-zespolony-tasma-poduszki-powietrznej-airbag-nissan-navara-d40-naprawa\/\",\"url\":\"https:\/\/autoimpuls.pl\/index.php\/produkt\/przelacznik-zespolony-tasma-poduszki-powietrznej-airbag-nissan-navara-d40-naprawa\/\",\"name\":\"NISSAN NAVARA (D40) - Prze\u0142\u0105cznik zespolony - Ta\u015bma poduszki powietrznej AIRBAG - NAPRAWA - Auto Impuls\",\"isPartOf\":{\"@id\":\"http:\/\/autoimpuls.pl\/#website\"},\"datePublished\":\"2022-04-14T23:38:04+00:00\",\"dateModified\":\"2023-02-24T08:07:11+00:00\",\"breadcrumb\":{\"@id\":\"https:\/\/autoimpuls.pl\/index.php\/produkt\/przelacznik-zespolony-tasma-poduszki-powietrznej-airbag-nissan-navara-d40-naprawa\/#breadcrumb\"},\"inLanguage\":\"pl-PL\",\"potentialAction\":[{\"@type\":\"ReadAction\",\"target\":[\"https:\/\/autoimpuls.pl\/index.php\/produkt\/przelacznik-zespolony-tasma-poduszki-powietrznej-airbag-nissan-navara-d40-naprawa\/\"]}]},{\"@type\":\"BreadcrumbList\",\"@id\":\"https:\/\/autoimpuls.pl\/index.php\/produkt\/przelacznik-zespolony-tasma-poduszki-powietrznej-airbag-nissan-navara-d40-naprawa\/#breadcrumb\",\"itemListElement\":[{\"@type\":\"ListItem\",\"position\":1,\"name\":\"Strona g\u0142\u00f3wna\",\"item\":\"http:\/\/autoimpuls.pl\/\"},{\"@type\":\"ListItem\",\"position\":2,\"name\":\"Sklep\",\"item\":\"https:\/\/autoimpuls.pl\/index.php\/sklep\/\"},{\"@type\":\"ListItem\",\"position\":3,\"name\":\"NISSAN NAVARA (D40) &#8212; Prze\u0142\u0105cznik zespolony &#8211; Ta\u015bma poduszki powietrznej AIRBAG &#8212; NAPRAWA\"}]},{\"@type\":\"WebSite\",\"@id\":\"http:\/\/autoimpuls.pl\/#website\",\"url\":\"http:\/\/autoimpuls.pl\/\",\"name\":\"Auto Impuls\",\"description\":\"Elektronika Samochodowa\",\"publisher\":{\"@id\":\"http:\/\/autoimpuls.pl\/#organization\"},\"potentialAction\":[{\"@type\":\"SearchAction\",\"target\":{\"@type\":\"EntryPoint\",\"urlTemplate\":\"http:\/\/autoimpuls.pl\/?s={search_term_string}\"},\"query-input\":\"required name=search_term_string\"}],\"inLanguage\":\"pl-PL\"},{\"@type\":\"Organization\",\"@id\":\"http:\/\/autoimpuls.pl\/#organization\",\"name\":\"Auto Impuls\",\"url\":\"http:\/\/autoimpuls.pl\/\",\"logo\":{\"@type\":\"ImageObject\",\"inLanguage\":\"pl-PL\",\"@id\":\"http:\/\/autoimpuls.pl\/#\/schema\/logo\/image\/\",\"url\":\"http:\/\/autoimpuls.pl\/wp-content\/uploads\/2022\/04\/cropped-cropped-Auto-Impuls-1.png\",\"contentUrl\":\"http:\/\/autoimpuls.pl\/wp-content\/uploads\/2022\/04\/cropped-cropped-Auto-Impuls-1.png\",\"width\":500,\"height\":334,\"caption\":\"Auto Impuls\"},\"image\":{\"@id\":\"http:\/\/autoimpuls.pl\/#\/schema\/logo\/image\/\"}}]}<\/script>\n<!-- \/ Yoast SEO plugin. -->","yoast_head_json":{"title":"NISSAN NAVARA (D40) - Prze\u0142\u0105cznik zespolony - Ta\u015bma poduszki powietrznej AIRBAG - NAPRAWA - Auto Impuls","robots":{"index":"index","follow":"follow","max-snippet":"max-snippet:-1","max-image-preview":"max-image-preview:large","max-video-preview":"max-video-preview:-1"},"canonical":"https:\/\/autoimpuls.pl\/index.php\/produkt\/przelacznik-zespolony-tasma-poduszki-powietrznej-airbag-nissan-navara-d40-naprawa\/","og_locale":"pl_PL","og_type":"article","og_title":"NISSAN NAVARA (D40) - Prze\u0142\u0105cznik zespolony - Ta\u015bma poduszki powietrznej AIRBAG - NAPRAWA - Auto Impuls","og_description":"Oferujemy napraw\u0119: \u00a0 \u00a0\u00a0- Ta\u015bmy poduszki powietrznej AIRBAG NISSAN NAVARA (D40)","og_url":"https:\/\/autoimpuls.pl\/index.php\/produkt\/przelacznik-zespolony-tasma-poduszki-powietrznej-airbag-nissan-navara-d40-naprawa\/","og_site_name":"Auto Impuls","article_modified_time":"2023-02-24T08:07:11+00:00","og_image":[{"width":2094,"height":2560,"url":"https:\/\/autoimpuls.pl\/wp-content\/uploads\/2022\/04\/IMG_1985-scaled.jpg","type":"image\/jpeg"}],"twitter_card":"summary_large_image","twitter_misc":{"Szacowany czas czytania":"2 minuty"},"schema":{"@context":"https:\/\/schema.org","@graph":[{"@type":"WebPage","@id":"https:\/\/autoimpuls.pl\/index.php\/produkt\/przelacznik-zespolony-tasma-poduszki-powietrznej-airbag-nissan-navara-d40-naprawa\/","url":"https:\/\/autoimpuls.pl\/index.php\/produkt\/przelacznik-zespolony-tasma-poduszki-powietrznej-airbag-nissan-navara-d40-naprawa\/","name":"NISSAN NAVARA (D40) - Prze\u0142\u0105cznik zespolony - Ta\u015bma poduszki powietrznej AIRBAG - NAPRAWA - Auto Impuls","isPartOf":{"@id":"http:\/\/autoimpuls.pl\/#website"},"datePublished":"2022-04-14T23:38:04+00:00","dateModified":"2023-02-24T08:07:11+00:00","breadcrumb":{"@id":"https:\/\/autoimpuls.pl\/index.php\/produkt\/przelacznik-zespolony-tasma-poduszki-powietrznej-airbag-nissan-navara-d40-naprawa\/#breadcrumb"},"inLanguage":"pl-PL","potentialAction":[{"@type":"ReadAction","target":["https:\/\/autoimpuls.pl\/index.php\/produkt\/przelacznik-zespolony-tasma-poduszki-powietrznej-airbag-nissan-navara-d40-naprawa\/"]}]},{"@type":"BreadcrumbList","@id":"https:\/\/autoimpuls.pl\/index.php\/produkt\/przelacznik-zespolony-tasma-poduszki-powietrznej-airbag-nissan-navara-d40-naprawa\/#breadcrumb","itemListElement":[{"@type":"ListItem","position":1,"name":"Strona g\u0142\u00f3wna","item":"http:\/\/autoimpuls.pl\/"},{"@type":"ListItem","position":2,"name":"Sklep","item":"https:\/\/autoimpuls.pl\/index.php\/sklep\/"},{"@type":"ListItem","position":3,"name":"NISSAN NAVARA (D40) &#8212; Prze\u0142\u0105cznik zespolony &#8211; Ta\u015bma poduszki powietrznej AIRBAG &#8212; NAPRAWA"}]},{"@type":"WebSite","@id":"http:\/\/autoimpuls.pl\/#website","url":"http:\/\/autoimpuls.pl\/","name":"Auto Impuls","description":"Elektronika Samochodowa","publisher":{"@id":"http:\/\/autoimpuls.pl\/#organization"},"potentialAction":[{"@type":"SearchAction","target":{"@type":"EntryPoint","urlTemplate":"http:\/\/autoimpuls.pl\/?s={search_term_string}"},"query-input":"required name=search_term_string"}],"inLanguage":"pl-PL"},{"@type":"Organization","@id":"http:\/\/autoimpuls.pl\/#organization","name":"Auto Impuls","url":"http:\/\/autoimpuls.pl\/","logo":{"@type":"ImageObject","inLanguage":"pl-PL","@id":"http:\/\/autoimpuls.pl\/#\/schema\/logo\/image\/","url":"http:\/\/autoimpuls.pl\/wp-content\/uploads\/2022\/04\/cropped-cropped-Auto-Impuls-1.png","contentUrl":"http:\/\/autoimpuls.pl\/wp-content\/uploads\/2022\/04\/cropped-cropped-Auto-Impuls-1.png","width":500,"height":334,"caption":"Auto Impuls"},"image":{"@id":"http:\/\/autoimpuls.pl\/#\/schema\/logo\/image\/"}}]}},"_links":{"self":[{"href":"http:\/\/autoimpuls.pl\/index.php\/wp-json\/wp\/v2\/product\/232","targetHints":{"allow":["GET"]}}],"collection":[{"href":"http:\/\/autoimpuls.pl\/index.php\/wp-json\/wp\/v2\/product"}],"about":[{"href":"http:\/\/autoimpuls.pl\/index.php\/wp-json\/wp\/v2\/types\/product"}],"replies":[{"embeddable":true,"href":"http:\/\/autoimpuls.pl\/index.php\/wp-json\/wp\/v2\/comments?post=232"}],"wp:featuredmedia":[{"embeddable":true,"href":"http:\/\/autoimpuls.pl\/index.php\/wp-json\/wp\/v2\/media\/237"}],"wp:attachment":[{"href":"http:\/\/autoimpuls.pl\/index.php\/wp-json\/wp\/v2\/media?parent=232"}],"wp:term":[{"taxonomy":"product_cat","embeddable":true,"href":"http:\/\/autoimpuls.pl\/index.php\/wp-json\/wp\/v2\/product_cat?post=232"},{"taxonomy":"product_tag","embeddable":true,"href":"http:\/\/autoimpuls.pl\/index.php\/wp-json\/wp\/v2\/product_tag?post=232"}],"curies":[{"name":"wp","href":"https:\/\/api.w.org\/{rel}","templated":true}]}}