{"id":177,"date":"2022-04-10T19:14:31","date_gmt":"2022-04-10T19:14:31","guid":{"rendered":"http:\/\/autoimpuls.pl\/?page_id=177"},"modified":"2022-05-04T13:01:26","modified_gmt":"2022-05-04T13:01:26","slug":"naprawa-klimatyzacji","status":"publish","type":"page","link":"http:\/\/autoimpuls.pl\/index.php\/naprawa-klimatyzacji\/","title":{"rendered":"Naprawa Klimatyzacji"},"content":{"rendered":"\n<h2 class=\"has-medium-font-size wp-block-heading\">Je\u015bli system Klimatyzacji w Twoim samochodzie nie zapewnia Ci ch\u0142odu, nie pozw\u00f3l, aby upa\u0142y Ci doskwiera\u0142y. <strong>Zadbaj o komfort podr\u00f3\u017cowania.<\/strong> Zadzwo\u0144 lub przyjed\u017a do nas a my ponownie uruchomimy Twoj\u0105 klimatyzacj\u0119. <\/h2>\n\n\n\n<h2 class=\"has-medium-font-size wp-block-heading\">Nie czekaj!\u00a0Je\u015bli klimatyzacja Twojego samochodu dzia\u0142a ze zmniejszon\u0105 wydajno\u015bci\u0105, <strong>warto Nas odwiedzi\u0107.<\/strong>\u00a0Dbanie o regularn\u0105 konserwacj\u0119 teraz mo\u017ce pom\u00f3c w unikni\u0119ciu dro\u017cszych koszt\u00f3w naprawy klimatyzacji w przysz\u0142o\u015bci.\u00a0Czasami naprawa uszkodzonej klimatyzacji jest tak prosta i op\u0142acalna a polega jedynie na uzupe\u0142nieniu p\u0142ynu ch\u0142odniczego.<\/h2>\n\n\n\n<h2 class=\"wp-block-heading\"><\/h2>\n\n\n\n<h2 class=\"wp-block-heading\"><\/h2>\n\n\n\n<div class=\"wp-block-columns is-layout-flex wp-container-core-columns-is-layout-9d6595d7 wp-block-columns-is-layout-flex\">\n<div class=\"wp-block-column is-layout-flow wp-block-column-is-layout-flow\" style=\"flex-basis:100%\">\n<div class=\"wp-block-media-text alignwide has-media-on-the-right is-stacked-on-mobile is-vertically-aligned-top is-image-fill\" style=\"grid-template-columns:auto 40%\"><figure class=\"wp-block-media-text__media\" style=\"background-image:url(http:\/\/autoimpuls.pl\/wp-content\/uploads\/2022\/04\/klimatyzacja-1030x686-2.jpg);background-position:68% 97%\"><img loading=\"lazy\" decoding=\"async\" width=\"1030\" height=\"686\" src=\"http:\/\/autoimpuls.pl\/wp-content\/uploads\/2022\/04\/klimatyzacja-1030x686-2.jpg\" alt=\"\" class=\"wp-image-185 size-full\" srcset=\"http:\/\/autoimpuls.pl\/wp-content\/uploads\/2022\/04\/klimatyzacja-1030x686-2.jpg 1030w, http:\/\/autoimpuls.pl\/wp-content\/uploads\/2022\/04\/klimatyzacja-1030x686-2-600x400.jpg 600w, http:\/\/autoimpuls.pl\/wp-content\/uploads\/2022\/04\/klimatyzacja-1030x686-2-300x200.jpg 300w, http:\/\/autoimpuls.pl\/wp-content\/uploads\/2022\/04\/klimatyzacja-1030x686-2-1024x682.jpg 1024w, http:\/\/autoimpuls.pl\/wp-content\/uploads\/2022\/04\/klimatyzacja-1030x686-2-768x512.jpg 768w, http:\/\/autoimpuls.pl\/wp-content\/uploads\/2022\/04\/klimatyzacja-1030x686-2-570x380.jpg 570w, http:\/\/autoimpuls.pl\/wp-content\/uploads\/2022\/04\/klimatyzacja-1030x686-2-380x254.jpg 380w, http:\/\/autoimpuls.pl\/wp-content\/uploads\/2022\/04\/klimatyzacja-1030x686-2-285x190.jpg 285w\" sizes=\"auto, (max-width: 1030px) 100vw, 1030px\" \/><\/figure><div class=\"wp-block-media-text__content\">\n<h2 class=\"has-medium-font-size wp-block-heading\">Wi\u0119kszo\u015b\u0107 system\u00f3w klimatyzacji w samochodach osobowych i dostawczych ostatecznie psuje si\u0119 podczas u\u017cytkowania.&nbsp;W\u0119\u017ce zasilaj\u0105ce z czynnikiem ch\u0142odniczym mog\u0105 traci\u0107 szczelno\u015b\u0107 lub zatyka\u0107 si\u0119, je\u015bli nie s\u0105 serwisowane.&nbsp;Pozw\u00f3l nam serwisowa\u0107 Tw\u00f3j samoch\u00f3d i utrzyma\u0107 wydajno\u015b\u0107 Twojego uk\u0142adu ch\u0142odniczego na najwy\u017cszym poziomie. <\/h2>\n\n\n\n<h2 class=\"has-medium-font-size wp-block-heading\">W niekt\u00f3rych przypadkach, gdy klimatyzacja Twojego samochodu zaczyna s\u0142abiej ch\u0142odzi\u0107 lub przestaje ca\u0142kowicie wia\u0107 ch\u0142odnym powietrzem, mo\u017ce by\u0107 czas na uzupe\u0142nieniem <strong>czynnika ch\u0142odniczego<\/strong>.&nbsp;Do\u0142adowanie freonu jest cz\u0119sto szybk\u0105 i niedrog\u0105 napraw\u0105, kt\u00f3ra mo\u017ce pom\u00f3c pokona\u0107 letnie upa\u0142y.&nbsp;Ale wyciek freonu mo\u017ce by\u0107 spowodowany p\u0119kni\u0119tym w\u0119\u017cem lub uszczelk\u0105.&nbsp;Cz\u0119sto jest to wskaz\u00f3wka, \u017ce \u200b\u200bpotrzebna jest bardziej znacz\u0105ca naprawa.<\/h2>\n<\/div><\/div>\n<\/div>\n<\/div>\n\n\n\n<h2 class=\"wp-block-heading\"><\/h2>\n\n\n\n<h2 class=\"wp-block-heading\"><\/h2>\n\n\n\n<h2 class=\"has-medium-font-size wp-block-heading\">Ch\u0142odne powietrze w Twoim samochodzie jest wytwarzane g\u0142\u00f3wnie przez <strong>spr\u0119\u017cark\u0119<\/strong>.\u00a0Cztery g\u0142\u00f3wne funkcje, kt\u00f3re wykonuje spr\u0119\u017carka pojazdu, obejmuj\u0105 zwi\u0119kszanie ci\u015bnienia czynnika ch\u0142odniczego w celu sch\u0142odzenia powietrza w kabinie, monitorowanie i kontrolowanie temperatury wyj\u015bciowej, wykrywanie zmian temperatury wewn\u0105trz i na zewn\u0105trz pojazdu oraz przesy\u0142anie powietrza do skraplacza klimatyzacji samochodu.<\/h2>\n\n\n\n<h2 class=\"has-medium-font-size wp-block-heading\"><strong>Skraplacz<\/strong> klimatyzacji w Twoim poje\u017adzie zwykle znajduje si\u0119 z przodu ch\u0142odnicy.\u00a0Gdy spr\u0119\u017carka zwi\u0119ksza ci\u015bnienie, czynnik ch\u0142odniczy przep\u0142ywa do skraplacza, aby obni\u017cy\u0107 temperatur\u0119 i ci\u015bnienie.\u00a0Skraplacz to kluczowy element utrzymuj\u0105cy nisk\u0105 temperatur\u0119 w kabinie Twojego samochodu.\u00a0Przenosi sch\u0142odzony ciek\u0142y czynnik ch\u0142odniczy do odbiornika\/osuszacza.<\/h2>\n\n\n\n<h2 class=\"has-medium-font-size wp-block-heading\">Umieszczony tu\u017c za desk\u0105 rozdzielcz\u0105 <strong>parownik<\/strong> samochodowy odpowiada za ch\u0142odzenie powietrza i usuwanie wilgoci, zanim zostanie ona wdmuchni\u0119ta do kabiny samochodu.<\/h2>\n\n\n\n<h2 class=\"has-medium-font-size wp-block-heading\">Termiczny<strong> zaw\u00f3r rozpr\u0119\u017cny<\/strong> lub rurka z kryz\u0105 monitoruje ci\u015bnienie i temperatur\u0119 w uk\u0142adzie klimatyzacji, aby obliczy\u0107 dok\u0142adn\u0105 ilo\u015b\u0107 czynnika ch\u0142odniczego, kt\u00f3ra mo\u017ce bezpiecznie dosta\u0107 si\u0119 do parownika.\u00a0Nier\u00f3wne ci\u015bnienie mo\u017ce powodowa\u0107 gromadzenie si\u0119 niepo\u017c\u0105danej wilgoci w uk\u0142adzie klimatyzacji samochodu.<\/h2>\n","protected":false},"excerpt":{"rendered":"<p>Je\u015bli system Klimatyzacji w Twoim samochodzie nie zapewnia Ci ch\u0142odu, nie pozw\u00f3l, aby upa\u0142y Ci doskwiera\u0142y. Zadbaj o komfort podr\u00f3\u017cowania. Zadzwo\u0144 lub przyjed\u017a do nas a my ponownie uruchomimy Twoj\u0105 klimatyzacj\u0119. Nie czekaj!\u00a0Je\u015bli klimatyzacja Twojego samochodu dzia\u0142a ze zmniejszon\u0105 wydajno\u015bci\u0105, warto Nas odwiedzi\u0107.\u00a0Dbanie o regularn\u0105 konserwacj\u0119 teraz mo\u017ce pom\u00f3c w unikni\u0119ciu dro\u017cszych koszt\u00f3w naprawy klimatyzacji<\/p>\n<p><a href=\"http:\/\/autoimpuls.pl\/index.php\/naprawa-klimatyzacji\/\" class=\"more-link themebutton\">Read More<\/a><\/p>\n","protected":false},"author":1,"featured_media":0,"parent":0,"menu_order":0,"comment_status":"closed","ping_status":"closed","template":"","meta":{"footnotes":""},"class_list":["post-177","page","type-page","status-publish","hentry"],"yoast_head":"<!-- This site is optimized with the Yoast SEO plugin v19.10 - https:\/\/yoast.com\/wordpress\/plugins\/seo\/ -->\n<title>Naprawa Klimatyzacji - Auto Impuls<\/title>\n<meta name=\"description\" content=\"Jeste\u015bmy w stanie zdiagnozowa\u0107 i naprawi\u0107 wszystkie usterki w Twoim samochodzie. Potrzebujesz pomocy- Zadzwo\u0144 do nas. Elektronika Samochodowa\" \/>\n<meta name=\"robots\" content=\"index, follow, max-snippet:-1, max-image-preview:large, max-video-preview:-1\" \/>\n<link rel=\"canonical\" href=\"https:\/\/autoimpuls.pl\/index.php\/naprawa-klimatyzacji\/\" \/>\n<meta property=\"og:locale\" content=\"pl_PL\" \/>\n<meta property=\"og:type\" content=\"article\" \/>\n<meta property=\"og:title\" content=\"Naprawa Klimatyzacji - Auto Impuls\" \/>\n<meta property=\"og:description\" content=\"Jeste\u015bmy w stanie zdiagnozowa\u0107 i naprawi\u0107 wszystkie usterki w Twoim samochodzie. Potrzebujesz pomocy- Zadzwo\u0144 do nas. Elektronika Samochodowa\" \/>\n<meta property=\"og:url\" content=\"https:\/\/autoimpuls.pl\/index.php\/naprawa-klimatyzacji\/\" \/>\n<meta property=\"og:site_name\" content=\"Auto Impuls\" \/>\n<meta property=\"article:modified_time\" content=\"2022-05-04T13:01:26+00:00\" \/>\n<meta property=\"og:image\" content=\"http:\/\/autoimpuls.pl\/wp-content\/uploads\/2022\/04\/klimatyzacja-1030x686-2.jpg\" \/>\n<meta name=\"twitter:card\" content=\"summary_large_image\" \/>\n<meta name=\"twitter:label1\" content=\"Szacowany czas czytania\" \/>\n\t<meta name=\"twitter:data1\" content=\"3 minuty\" \/>\n<script type=\"application\/ld+json\" class=\"yoast-schema-graph\">{\"@context\":\"https:\/\/schema.org\",\"@graph\":[{\"@type\":\"WebPage\",\"@id\":\"https:\/\/autoimpuls.pl\/index.php\/naprawa-klimatyzacji\/\",\"url\":\"https:\/\/autoimpuls.pl\/index.php\/naprawa-klimatyzacji\/\",\"name\":\"Naprawa Klimatyzacji - Auto Impuls\",\"isPartOf\":{\"@id\":\"http:\/\/autoimpuls.pl\/#website\"},\"datePublished\":\"2022-04-10T19:14:31+00:00\",\"dateModified\":\"2022-05-04T13:01:26+00:00\",\"description\":\"Jeste\u015bmy w stanie zdiagnozowa\u0107 i naprawi\u0107 wszystkie usterki w Twoim samochodzie. Potrzebujesz pomocy- Zadzwo\u0144 do nas. Elektronika Samochodowa\",\"breadcrumb\":{\"@id\":\"https:\/\/autoimpuls.pl\/index.php\/naprawa-klimatyzacji\/#breadcrumb\"},\"inLanguage\":\"pl-PL\",\"potentialAction\":[{\"@type\":\"ReadAction\",\"target\":[\"https:\/\/autoimpuls.pl\/index.php\/naprawa-klimatyzacji\/\"]}]},{\"@type\":\"BreadcrumbList\",\"@id\":\"https:\/\/autoimpuls.pl\/index.php\/naprawa-klimatyzacji\/#breadcrumb\",\"itemListElement\":[{\"@type\":\"ListItem\",\"position\":1,\"name\":\"Strona g\u0142\u00f3wna\",\"item\":\"http:\/\/autoimpuls.pl\/\"},{\"@type\":\"ListItem\",\"position\":2,\"name\":\"Naprawa Klimatyzacji\"}]},{\"@type\":\"WebSite\",\"@id\":\"http:\/\/autoimpuls.pl\/#website\",\"url\":\"http:\/\/autoimpuls.pl\/\",\"name\":\"Auto Impuls\",\"description\":\"Elektronika Samochodowa\",\"publisher\":{\"@id\":\"http:\/\/autoimpuls.pl\/#organization\"},\"potentialAction\":[{\"@type\":\"SearchAction\",\"target\":{\"@type\":\"EntryPoint\",\"urlTemplate\":\"http:\/\/autoimpuls.pl\/?s={search_term_string}\"},\"query-input\":\"required name=search_term_string\"}],\"inLanguage\":\"pl-PL\"},{\"@type\":\"Organization\",\"@id\":\"http:\/\/autoimpuls.pl\/#organization\",\"name\":\"Auto Impuls\",\"url\":\"http:\/\/autoimpuls.pl\/\",\"logo\":{\"@type\":\"ImageObject\",\"inLanguage\":\"pl-PL\",\"@id\":\"http:\/\/autoimpuls.pl\/#\/schema\/logo\/image\/\",\"url\":\"http:\/\/autoimpuls.pl\/wp-content\/uploads\/2022\/04\/cropped-cropped-Auto-Impuls-1.png\",\"contentUrl\":\"http:\/\/autoimpuls.pl\/wp-content\/uploads\/2022\/04\/cropped-cropped-Auto-Impuls-1.png\",\"width\":500,\"height\":334,\"caption\":\"Auto Impuls\"},\"image\":{\"@id\":\"http:\/\/autoimpuls.pl\/#\/schema\/logo\/image\/\"}}]}<\/script>\n<!-- \/ Yoast SEO plugin. -->","yoast_head_json":{"title":"Naprawa Klimatyzacji - Auto Impuls","description":"Jeste\u015bmy w stanie zdiagnozowa\u0107 i naprawi\u0107 wszystkie usterki w Twoim samochodzie. Potrzebujesz pomocy- Zadzwo\u0144 do nas. Elektronika Samochodowa","robots":{"index":"index","follow":"follow","max-snippet":"max-snippet:-1","max-image-preview":"max-image-preview:large","max-video-preview":"max-video-preview:-1"},"canonical":"https:\/\/autoimpuls.pl\/index.php\/naprawa-klimatyzacji\/","og_locale":"pl_PL","og_type":"article","og_title":"Naprawa Klimatyzacji - Auto Impuls","og_description":"Jeste\u015bmy w stanie zdiagnozowa\u0107 i naprawi\u0107 wszystkie usterki w Twoim samochodzie. Potrzebujesz pomocy- Zadzwo\u0144 do nas. Elektronika Samochodowa","og_url":"https:\/\/autoimpuls.pl\/index.php\/naprawa-klimatyzacji\/","og_site_name":"Auto Impuls","article_modified_time":"2022-05-04T13:01:26+00:00","og_image":[{"url":"http:\/\/autoimpuls.pl\/wp-content\/uploads\/2022\/04\/klimatyzacja-1030x686-2.jpg"}],"twitter_card":"summary_large_image","twitter_misc":{"Szacowany czas czytania":"3 minuty"},"schema":{"@context":"https:\/\/schema.org","@graph":[{"@type":"WebPage","@id":"https:\/\/autoimpuls.pl\/index.php\/naprawa-klimatyzacji\/","url":"https:\/\/autoimpuls.pl\/index.php\/naprawa-klimatyzacji\/","name":"Naprawa Klimatyzacji - Auto Impuls","isPartOf":{"@id":"http:\/\/autoimpuls.pl\/#website"},"datePublished":"2022-04-10T19:14:31+00:00","dateModified":"2022-05-04T13:01:26+00:00","description":"Jeste\u015bmy w stanie zdiagnozowa\u0107 i naprawi\u0107 wszystkie usterki w Twoim samochodzie. Potrzebujesz pomocy- Zadzwo\u0144 do nas. Elektronika Samochodowa","breadcrumb":{"@id":"https:\/\/autoimpuls.pl\/index.php\/naprawa-klimatyzacji\/#breadcrumb"},"inLanguage":"pl-PL","potentialAction":[{"@type":"ReadAction","target":["https:\/\/autoimpuls.pl\/index.php\/naprawa-klimatyzacji\/"]}]},{"@type":"BreadcrumbList","@id":"https:\/\/autoimpuls.pl\/index.php\/naprawa-klimatyzacji\/#breadcrumb","itemListElement":[{"@type":"ListItem","position":1,"name":"Strona g\u0142\u00f3wna","item":"http:\/\/autoimpuls.pl\/"},{"@type":"ListItem","position":2,"name":"Naprawa Klimatyzacji"}]},{"@type":"WebSite","@id":"http:\/\/autoimpuls.pl\/#website","url":"http:\/\/autoimpuls.pl\/","name":"Auto Impuls","description":"Elektronika Samochodowa","publisher":{"@id":"http:\/\/autoimpuls.pl\/#organization"},"potentialAction":[{"@type":"SearchAction","target":{"@type":"EntryPoint","urlTemplate":"http:\/\/autoimpuls.pl\/?s={search_term_string}"},"query-input":"required name=search_term_string"}],"inLanguage":"pl-PL"},{"@type":"Organization","@id":"http:\/\/autoimpuls.pl\/#organization","name":"Auto Impuls","url":"http:\/\/autoimpuls.pl\/","logo":{"@type":"ImageObject","inLanguage":"pl-PL","@id":"http:\/\/autoimpuls.pl\/#\/schema\/logo\/image\/","url":"http:\/\/autoimpuls.pl\/wp-content\/uploads\/2022\/04\/cropped-cropped-Auto-Impuls-1.png","contentUrl":"http:\/\/autoimpuls.pl\/wp-content\/uploads\/2022\/04\/cropped-cropped-Auto-Impuls-1.png","width":500,"height":334,"caption":"Auto Impuls"},"image":{"@id":"http:\/\/autoimpuls.pl\/#\/schema\/logo\/image\/"}}]}},"_links":{"self":[{"href":"http:\/\/autoimpuls.pl\/index.php\/wp-json\/wp\/v2\/pages\/177","targetHints":{"allow":["GET"]}}],"collection":[{"href":"http:\/\/autoimpuls.pl\/index.php\/wp-json\/wp\/v2\/pages"}],"about":[{"href":"http:\/\/autoimpuls.pl\/index.php\/wp-json\/wp\/v2\/types\/page"}],"author":[{"embeddable":true,"href":"http:\/\/autoimpuls.pl\/index.php\/wp-json\/wp\/v2\/users\/1"}],"replies":[{"embeddable":true,"href":"http:\/\/autoimpuls.pl\/index.php\/wp-json\/wp\/v2\/comments?post=177"}],"version-history":[{"count":18,"href":"http:\/\/autoimpuls.pl\/index.php\/wp-json\/wp\/v2\/pages\/177\/revisions"}],"predecessor-version":[{"id":378,"href":"http:\/\/autoimpuls.pl\/index.php\/wp-json\/wp\/v2\/pages\/177\/revisions\/378"}],"wp:attachment":[{"href":"http:\/\/autoimpuls.pl\/index.php\/wp-json\/wp\/v2\/media?parent=177"}],"curies":[{"name":"wp","href":"https:\/\/api.w.org\/{rel}","templated":true}]}}