{"id":164,"date":"2022-04-10T17:44:05","date_gmt":"2022-04-10T17:44:05","guid":{"rendered":"http:\/\/autoimpuls.pl\/?page_id=164"},"modified":"2022-04-10T18:25:38","modified_gmt":"2022-04-10T18:25:38","slug":"diagnostyka-elektroniki-samochodowej","status":"publish","type":"page","link":"http:\/\/autoimpuls.pl\/index.php\/diagnostyka-elektroniki-samochodowej\/","title":{"rendered":"Diagnostyka Elektroniki Samochodowej"},"content":{"rendered":"\n<div class=\"wp-block-media-text alignwide has-media-on-the-right is-stacked-on-mobile\"><figure class=\"wp-block-media-text__media\"><img loading=\"lazy\" decoding=\"async\" width=\"1000\" height=\"667\" src=\"http:\/\/autoimpuls.pl\/wp-content\/uploads\/2022\/04\/golf-4-codieren-tipps-und-tricks-2.jpg\" alt=\"\" class=\"wp-image-152 size-full\" srcset=\"http:\/\/autoimpuls.pl\/wp-content\/uploads\/2022\/04\/golf-4-codieren-tipps-und-tricks-2.jpg 1000w, http:\/\/autoimpuls.pl\/wp-content\/uploads\/2022\/04\/golf-4-codieren-tipps-und-tricks-2-600x400.jpg 600w, http:\/\/autoimpuls.pl\/wp-content\/uploads\/2022\/04\/golf-4-codieren-tipps-und-tricks-2-300x200.jpg 300w, http:\/\/autoimpuls.pl\/wp-content\/uploads\/2022\/04\/golf-4-codieren-tipps-und-tricks-2-768x512.jpg 768w, http:\/\/autoimpuls.pl\/wp-content\/uploads\/2022\/04\/golf-4-codieren-tipps-und-tricks-2-570x380.jpg 570w, http:\/\/autoimpuls.pl\/wp-content\/uploads\/2022\/04\/golf-4-codieren-tipps-und-tricks-2-380x254.jpg 380w, http:\/\/autoimpuls.pl\/wp-content\/uploads\/2022\/04\/golf-4-codieren-tipps-und-tricks-2-285x190.jpg 285w\" sizes=\"auto, (max-width: 1000px) 100vw, 1000px\" \/><\/figure><div class=\"wp-block-media-text__content\">\n<p>Mechanicy w firmie Auto Impuls s\u0105 w stanie zdiagnozowa\u0107 wszystkie cz\u0119\u015bci elektroniczne w Twoim samochodzie. Aby uzyska\u0107 fachowe us\u0142ugi diagnostyczne dotycz\u0105ce urz\u0105dze\u0144 elektronicznych Twojego samochodu, zadzwo\u0144 do nas ju\u017c dzi\u015b.<\/p>\n\n\n\n<p>Nie zaniedbuj system\u00f3w elektronicznych swojego pojazdu &#8211; przy naprawie swojego pojazdu zaufaj naszym ekspertom, &nbsp;S\u0142abe wra\u017cenia z jazdy cz\u0119sto mog\u0105 by\u0107 zwi\u0105zane z nieprawid\u0142owym dzia\u0142aniem komputera lub urz\u0105dze\u0144 steruj\u0105cych jazd\u0105.&nbsp;Przyjd\u017a do Auto Impuls, aby upewni\u0107 si\u0119, \u017ce Tw\u00f3j pojazd jest w doskona\u0142ym stanie.<\/p>\n\n\n\n<p><strong>Kontrolka &#8222;Check Engine&#8221;<\/strong><\/p>\n\n\n\n<p>Nikt nie lubi patrze\u0107, jak zapala si\u0119 kontrolka <strong>&#8222;Check Engine&#8221;<\/strong>.&nbsp;\u015awiecenie mo\u017ce oznacza\u0107 kosztowny problem, taki jak awaria uk\u0142adu wydechowego czy problem z silnikiem, lub co\u015b drobnego, jak roz\u0142\u0105czenie wtyczki jakiego\u015b czujnika.&nbsp;W Auto Impuls mo\u017cemy dla Ciebie odczyta\u0107 kod b\u0142\u0119du i zdiagnozowa\u0107 problem.&nbsp;Zadzwo\u0144 do nas pod numer&nbsp;<a href=\"tel:8012534641\">504 240 017<\/a>&nbsp;lub wpadnij do warsztatu, aby uzyska\u0107 fachow\u0105 pomoc.<\/p>\n\n\n\n<p><strong>Komputery<\/strong><br>Obecnie producenci samochod\u00f3w umieszczaj\u0105 co najmniej jeden komputer samochodzie.\u00a0G\u0142\u00f3wn\u0105 funkcj\u0105 tego komputera jest monitorowanie i regulacja dzia\u0142ania silnika i skrzyni bieg\u00f3w.\u00a0Komputer otrzymuje informacje wej\u015bciowe z r\u00f3\u017cnych czujnik\u00f3w.\u00a0Komputer steruje \u015bwiecami zap\u0142onowymi, pr\u0119dko\u015bci\u0105 biegu ja\u0142owego i wtryskiwaczami paliwa, aby zapewni\u0107 najlepsz\u0105 mo\u017cliw\u0105 wydajno\u015b\u0107 samochodu.\u00a0Awaria komputera samochodowego znacznie wp\u0142ynie na to, czym steruje.\u00a0Aby w pe\u0142ni wykorzysta\u0107 mo\u017cliwo\u015bci komputera samochodu, nale\u017cy regularnie sprawdza\u0107 go pod k\u0105tem aktualizacji i prawid\u0142owego dzia\u0142ania.\u00a0Je\u015bli ju\u017c uleg\u0142 awarii, nale\u017cy go naprawi\u0107 lub wymieni\u0107.\u00a0Aby komputer Twojego samochodu by\u0142 obs\u0142ugiwany przez ekspert\u00f3w, odwied\u017a nas w naszej siedzibie.<\/p>\n\n\n\n<p><strong>Diagnostyka<\/strong><br>Mechanicy w naszej firmie s\u0105 w stanie zdiagnozowa\u0107 wszystkie cz\u0119\u015bci elektroniczne w Twoim samochodzie.\u00a0<\/p>\n\n\n\n<p><strong>Prowadzenie<\/strong><br>Prowadzenie to stopie\u0144 p\u0142ynno\u015bci i stabilno\u015bci przyspieszenia Twojego samochodu.\u00a0Wi\u0119kszo\u015b\u0107 nowoczesnych samochod\u00f3w jest wyposa\u017cona w komputery pok\u0142adowe, kt\u00f3re na bie\u017c\u0105co sprawdzaj\u0105 odczyty z r\u00f3\u017cnych czujnik\u00f3w.\u00a0W przypadku problem\u00f3w z prowadzeniem pojazdu na desce rozdzielczej samochodu pojawi si\u0119 komunikat ostrzegawczy.\u00a0Aby zdiagnozowa\u0107 samoch\u00f3d pod k\u0105tem problem\u00f3w z prowadzeniem pojazdu, skontaktuj si\u0119 z nami.\u00a0W firmie Auto Impuls dysponujemy niezb\u0119dnymi narz\u0119dziami, szkoleniami i technologi\u0105 do diagnozowania i rozwi\u0105zywania problem\u00f3w z prowadzeniem samochodu.<\/p>\n\n\n\n<p><strong>Sterowanie silnikiem<\/strong><br>Zasadniczo system sterowania silnikiem to komputer pok\u0142adowy w Twoim samochodzie.\u00a0Jak wszystkie komputery, sterowanie silnikiem sk\u0142ada si\u0119 ze sprz\u0119tu i oprogramowania.\u00a0Uk\u0142ady sterowania silnikami samochodowymi odpowiadaj\u0105 za regulacj\u0119 emisji spalin i zapewnienie zwi\u0119kszonej oszcz\u0119dno\u015bci paliwa.\u00a0Aby jak najlepiej wykorzysta\u0107 niesamowicie zaawansowan\u0105 technologi\u0119 Twojego samochodu, upewnij si\u0119, \u017ce sterowanie silnikiem dzia\u0142a prawid\u0142owo.\u00a0<\/p>\n<\/div><\/div>\n","protected":false},"excerpt":{"rendered":"<p>Mechanicy w firmie Auto Impuls s\u0105 w stanie zdiagnozowa\u0107 wszystkie cz\u0119\u015bci elektroniczne w Twoim samochodzie. Aby uzyska\u0107 fachowe us\u0142ugi diagnostyczne dotycz\u0105ce urz\u0105dze\u0144 elektronicznych Twojego samochodu, zadzwo\u0144 do nas ju\u017c dzi\u015b. Nie zaniedbuj system\u00f3w elektronicznych swojego pojazdu &#8211; przy naprawie swojego pojazdu zaufaj naszym ekspertom, &nbsp;S\u0142abe wra\u017cenia z jazdy cz\u0119sto mog\u0105 by\u0107 zwi\u0105zane z nieprawid\u0142owym dzia\u0142aniem<\/p>\n<p><a href=\"http:\/\/autoimpuls.pl\/index.php\/diagnostyka-elektroniki-samochodowej\/\" class=\"more-link themebutton\">Read More<\/a><\/p>\n","protected":false},"author":1,"featured_media":0,"parent":0,"menu_order":0,"comment_status":"closed","ping_status":"closed","template":"","meta":{"footnotes":""},"class_list":["post-164","page","type-page","status-publish","hentry"],"yoast_head":"<!-- This site is optimized with the Yoast SEO plugin v19.10 - https:\/\/yoast.com\/wordpress\/plugins\/seo\/ -->\n<title>Diagnostyka Elektroniki Samochodowej - Auto Impuls<\/title>\n<meta name=\"robots\" content=\"index, follow, max-snippet:-1, max-image-preview:large, max-video-preview:-1\" \/>\n<link rel=\"canonical\" href=\"https:\/\/autoimpuls.pl\/index.php\/diagnostyka-elektroniki-samochodowej\/\" \/>\n<meta property=\"og:locale\" content=\"pl_PL\" \/>\n<meta property=\"og:type\" content=\"article\" \/>\n<meta property=\"og:title\" content=\"Diagnostyka Elektroniki Samochodowej - Auto Impuls\" \/>\n<meta property=\"og:description\" content=\"Mechanicy w firmie Auto Impuls s\u0105 w stanie zdiagnozowa\u0107 wszystkie cz\u0119\u015bci elektroniczne w Twoim samochodzie. Aby uzyska\u0107 fachowe us\u0142ugi diagnostyczne dotycz\u0105ce urz\u0105dze\u0144 elektronicznych Twojego samochodu, zadzwo\u0144 do nas ju\u017c dzi\u015b. Nie zaniedbuj system\u00f3w elektronicznych swojego pojazdu &#8211; przy naprawie swojego pojazdu zaufaj naszym ekspertom, &nbsp;S\u0142abe wra\u017cenia z jazdy cz\u0119sto mog\u0105 by\u0107 zwi\u0105zane z nieprawid\u0142owym dzia\u0142aniemRead More\" \/>\n<meta property=\"og:url\" content=\"https:\/\/autoimpuls.pl\/index.php\/diagnostyka-elektroniki-samochodowej\/\" \/>\n<meta property=\"og:site_name\" content=\"Auto Impuls\" \/>\n<meta property=\"article:modified_time\" content=\"2022-04-10T18:25:38+00:00\" \/>\n<meta property=\"og:image\" content=\"http:\/\/autoimpuls.pl\/wp-content\/uploads\/2022\/04\/golf-4-codieren-tipps-und-tricks-2.jpg\" \/>\n<meta name=\"twitter:card\" content=\"summary_large_image\" \/>\n<meta name=\"twitter:label1\" content=\"Szacowany czas czytania\" \/>\n\t<meta name=\"twitter:data1\" content=\"2 minuty\" \/>\n<script type=\"application\/ld+json\" class=\"yoast-schema-graph\">{\"@context\":\"https:\/\/schema.org\",\"@graph\":[{\"@type\":\"WebPage\",\"@id\":\"https:\/\/autoimpuls.pl\/index.php\/diagnostyka-elektroniki-samochodowej\/\",\"url\":\"https:\/\/autoimpuls.pl\/index.php\/diagnostyka-elektroniki-samochodowej\/\",\"name\":\"Diagnostyka Elektroniki Samochodowej - Auto Impuls\",\"isPartOf\":{\"@id\":\"http:\/\/autoimpuls.pl\/#website\"},\"datePublished\":\"2022-04-10T17:44:05+00:00\",\"dateModified\":\"2022-04-10T18:25:38+00:00\",\"breadcrumb\":{\"@id\":\"https:\/\/autoimpuls.pl\/index.php\/diagnostyka-elektroniki-samochodowej\/#breadcrumb\"},\"inLanguage\":\"pl-PL\",\"potentialAction\":[{\"@type\":\"ReadAction\",\"target\":[\"https:\/\/autoimpuls.pl\/index.php\/diagnostyka-elektroniki-samochodowej\/\"]}]},{\"@type\":\"BreadcrumbList\",\"@id\":\"https:\/\/autoimpuls.pl\/index.php\/diagnostyka-elektroniki-samochodowej\/#breadcrumb\",\"itemListElement\":[{\"@type\":\"ListItem\",\"position\":1,\"name\":\"Strona g\u0142\u00f3wna\",\"item\":\"http:\/\/autoimpuls.pl\/\"},{\"@type\":\"ListItem\",\"position\":2,\"name\":\"Diagnostyka Elektroniki Samochodowej\"}]},{\"@type\":\"WebSite\",\"@id\":\"http:\/\/autoimpuls.pl\/#website\",\"url\":\"http:\/\/autoimpuls.pl\/\",\"name\":\"Auto Impuls\",\"description\":\"Elektronika Samochodowa\",\"publisher\":{\"@id\":\"http:\/\/autoimpuls.pl\/#organization\"},\"potentialAction\":[{\"@type\":\"SearchAction\",\"target\":{\"@type\":\"EntryPoint\",\"urlTemplate\":\"http:\/\/autoimpuls.pl\/?s={search_term_string}\"},\"query-input\":\"required name=search_term_string\"}],\"inLanguage\":\"pl-PL\"},{\"@type\":\"Organization\",\"@id\":\"http:\/\/autoimpuls.pl\/#organization\",\"name\":\"Auto Impuls\",\"url\":\"http:\/\/autoimpuls.pl\/\",\"logo\":{\"@type\":\"ImageObject\",\"inLanguage\":\"pl-PL\",\"@id\":\"http:\/\/autoimpuls.pl\/#\/schema\/logo\/image\/\",\"url\":\"http:\/\/autoimpuls.pl\/wp-content\/uploads\/2022\/04\/cropped-cropped-Auto-Impuls-1.png\",\"contentUrl\":\"http:\/\/autoimpuls.pl\/wp-content\/uploads\/2022\/04\/cropped-cropped-Auto-Impuls-1.png\",\"width\":500,\"height\":334,\"caption\":\"Auto Impuls\"},\"image\":{\"@id\":\"http:\/\/autoimpuls.pl\/#\/schema\/logo\/image\/\"}}]}<\/script>\n<!-- \/ Yoast SEO plugin. -->","yoast_head_json":{"title":"Diagnostyka Elektroniki Samochodowej - Auto Impuls","robots":{"index":"index","follow":"follow","max-snippet":"max-snippet:-1","max-image-preview":"max-image-preview:large","max-video-preview":"max-video-preview:-1"},"canonical":"https:\/\/autoimpuls.pl\/index.php\/diagnostyka-elektroniki-samochodowej\/","og_locale":"pl_PL","og_type":"article","og_title":"Diagnostyka Elektroniki Samochodowej - Auto Impuls","og_description":"Mechanicy w firmie Auto Impuls s\u0105 w stanie zdiagnozowa\u0107 wszystkie cz\u0119\u015bci elektroniczne w Twoim samochodzie. Aby uzyska\u0107 fachowe us\u0142ugi diagnostyczne dotycz\u0105ce urz\u0105dze\u0144 elektronicznych Twojego samochodu, zadzwo\u0144 do nas ju\u017c dzi\u015b. Nie zaniedbuj system\u00f3w elektronicznych swojego pojazdu &#8211; przy naprawie swojego pojazdu zaufaj naszym ekspertom, &nbsp;S\u0142abe wra\u017cenia z jazdy cz\u0119sto mog\u0105 by\u0107 zwi\u0105zane z nieprawid\u0142owym dzia\u0142aniemRead More","og_url":"https:\/\/autoimpuls.pl\/index.php\/diagnostyka-elektroniki-samochodowej\/","og_site_name":"Auto Impuls","article_modified_time":"2022-04-10T18:25:38+00:00","og_image":[{"url":"http:\/\/autoimpuls.pl\/wp-content\/uploads\/2022\/04\/golf-4-codieren-tipps-und-tricks-2.jpg"}],"twitter_card":"summary_large_image","twitter_misc":{"Szacowany czas czytania":"2 minuty"},"schema":{"@context":"https:\/\/schema.org","@graph":[{"@type":"WebPage","@id":"https:\/\/autoimpuls.pl\/index.php\/diagnostyka-elektroniki-samochodowej\/","url":"https:\/\/autoimpuls.pl\/index.php\/diagnostyka-elektroniki-samochodowej\/","name":"Diagnostyka Elektroniki Samochodowej - Auto Impuls","isPartOf":{"@id":"http:\/\/autoimpuls.pl\/#website"},"datePublished":"2022-04-10T17:44:05+00:00","dateModified":"2022-04-10T18:25:38+00:00","breadcrumb":{"@id":"https:\/\/autoimpuls.pl\/index.php\/diagnostyka-elektroniki-samochodowej\/#breadcrumb"},"inLanguage":"pl-PL","potentialAction":[{"@type":"ReadAction","target":["https:\/\/autoimpuls.pl\/index.php\/diagnostyka-elektroniki-samochodowej\/"]}]},{"@type":"BreadcrumbList","@id":"https:\/\/autoimpuls.pl\/index.php\/diagnostyka-elektroniki-samochodowej\/#breadcrumb","itemListElement":[{"@type":"ListItem","position":1,"name":"Strona g\u0142\u00f3wna","item":"http:\/\/autoimpuls.pl\/"},{"@type":"ListItem","position":2,"name":"Diagnostyka Elektroniki Samochodowej"}]},{"@type":"WebSite","@id":"http:\/\/autoimpuls.pl\/#website","url":"http:\/\/autoimpuls.pl\/","name":"Auto Impuls","description":"Elektronika Samochodowa","publisher":{"@id":"http:\/\/autoimpuls.pl\/#organization"},"potentialAction":[{"@type":"SearchAction","target":{"@type":"EntryPoint","urlTemplate":"http:\/\/autoimpuls.pl\/?s={search_term_string}"},"query-input":"required name=search_term_string"}],"inLanguage":"pl-PL"},{"@type":"Organization","@id":"http:\/\/autoimpuls.pl\/#organization","name":"Auto Impuls","url":"http:\/\/autoimpuls.pl\/","logo":{"@type":"ImageObject","inLanguage":"pl-PL","@id":"http:\/\/autoimpuls.pl\/#\/schema\/logo\/image\/","url":"http:\/\/autoimpuls.pl\/wp-content\/uploads\/2022\/04\/cropped-cropped-Auto-Impuls-1.png","contentUrl":"http:\/\/autoimpuls.pl\/wp-content\/uploads\/2022\/04\/cropped-cropped-Auto-Impuls-1.png","width":500,"height":334,"caption":"Auto Impuls"},"image":{"@id":"http:\/\/autoimpuls.pl\/#\/schema\/logo\/image\/"}}]}},"_links":{"self":[{"href":"http:\/\/autoimpuls.pl\/index.php\/wp-json\/wp\/v2\/pages\/164","targetHints":{"allow":["GET"]}}],"collection":[{"href":"http:\/\/autoimpuls.pl\/index.php\/wp-json\/wp\/v2\/pages"}],"about":[{"href":"http:\/\/autoimpuls.pl\/index.php\/wp-json\/wp\/v2\/types\/page"}],"author":[{"embeddable":true,"href":"http:\/\/autoimpuls.pl\/index.php\/wp-json\/wp\/v2\/users\/1"}],"replies":[{"embeddable":true,"href":"http:\/\/autoimpuls.pl\/index.php\/wp-json\/wp\/v2\/comments?post=164"}],"version-history":[{"count":4,"href":"http:\/\/autoimpuls.pl\/index.php\/wp-json\/wp\/v2\/pages\/164\/revisions"}],"predecessor-version":[{"id":172,"href":"http:\/\/autoimpuls.pl\/index.php\/wp-json\/wp\/v2\/pages\/164\/revisions\/172"}],"wp:attachment":[{"href":"http:\/\/autoimpuls.pl\/index.php\/wp-json\/wp\/v2\/media?parent=164"}],"curies":[{"name":"wp","href":"https:\/\/api.w.org\/{rel}","templated":true}]}}